{"id":907,"date":"2021-06-17T18:27:43","date_gmt":"2021-06-17T18:27:43","guid":{"rendered":"https:\/\/www.evelia.unrc.edu.ar\/ensenaryAprenderEnLaVirtualidad\/?page_id=907"},"modified":"2022-04-07T12:59:05","modified_gmt":"2022-04-07T12:59:05","slug":"taller-sketchware","status":"publish","type":"page","link":"https:\/\/www.evelia.unrc.edu.ar\/ensenaryAprenderEnLaVirtualidad\/taller-sketchware\/","title":{"rendered":"Taller de programaci\u00f3n de apps con tu celular (2021)"},"content":{"rendered":"\n<p><strong>Taller de programaci\u00f3n de apps con tu celular<\/strong><\/p>\n\n\n\n<p>Capacitaci\u00f3n <strong>virtual<\/strong> y <strong>gratuita<\/strong>, para estudiantes de escuelas secundarias. No requiere conocimeintos previos.<\/p>\n\n\n\n<p>El taller tiene como objetivo descubrir vocaciones cient\u00edficas e incentivar a los estudiantes secundarios para continuar sus estudios en carreras relacionadas con las Tecnolog\u00edas de la Informaci\u00f3n y la Comunicaci\u00f3n (TIC). Se desarrolla en el marco de la Iniciativa Program.AR de la Fundaci\u00f3n Sadosky mediante un Convenio de cooperaci\u00f3n acad\u00e9mica entre la Fundaci\u00f3n y la Universidad Nacional de R\u00edo Cuarto (UNRC). La ejecuci\u00f3n de las acciones previstas en el Convenio est\u00e1n a cargo del Departamento de Computaci\u00f3n de la Facultad de Ciencias Exactas, F\u00edsico-Qu\u00edmicas y Naturales, acompa\u00f1ado por el Departamento de Telecomunicaciones de la Facultad de Ingenier\u00eda y el Centro IRC de la Secretar\u00eda de Extensi\u00f3n y Desarrollo de la UNRC. El taller est\u00e1 a cargo de estudiantes universitarios de las carreras de ciencias de la computaci\u00f3n y de telecomunicaciones, con el acompa\u00f1amiento de docentes de ambas carreras.<\/p>\n\n\n\n<p><strong>\u00bfA qui\u00e9n est\u00e1 destinado?<\/strong><\/p>\n\n\n\n<p>El taller est\u00e1 destinado a estudiantes de escuelas secundarias p\u00fablicas del Gran R\u00edo Cuarto y la regi\u00f3n (prioritariamente) que est\u00e9n interesadas\/os en conocer de qu\u00e9 se trata el mundo de la programaci\u00f3n y usar su celular para crear peque\u00f1as apps.<br>Los interesados en participar deben estar haciendo el secundario (excluyente), no importa qu\u00e9 a\u00f1o (1ro, 2do, 3ro, 4to, 5to, 6to o 7mo). Si est\u00e1n en un PIT o un CENMA tambi\u00e9n pueden hacer el taller. Si bien tienen prioridad los estudiantes de escuelas secundarias p\u00fablicas del Gran R\u00edo Cuarto y la regi\u00f3n, pueden participar aquellos que pertenezcan a centros educativos de otra zona o de gesti\u00f3n privada. Como el taller se dar\u00e1 varias veces,&nbsp; los incluiremos paulatinamente en la medida que vayamos armando los grupos.<\/p>\n\n\n\n<p>\u00bf<strong>C\u00f3mo programaremos apps con el celular?<\/strong><br>Instalar\u00e1s en tu celular una app que se llama Sketchware y recibir\u00e1s la gu\u00eda de docentes que te acompa\u00f1ar\u00e1n para aprender a utilizarla.<\/p>\n\n\n\n<p><strong>\u00bfQu\u00e9 es Sketchware?<\/strong><br>Sketchware es una aplicaci\u00f3n gratuita que te permite crear tus propias apps directamente en el celular, de manera sencilla (mediante una interfaz por bloques) y sin necesidad de tener conocimientos previos de programaci\u00f3n. <\/p>\n\n\n\n<p>Las caracter\u00edsticas del taller son las siguientes:<\/p>\n\n\n\n<ul class=\"wp-block-list\"><li>Es gratuito, bajo modalidad \u00edntegramente no presencial, con tutores que acompa\u00f1an a las\/os estudiantes para brindarles la ayuda necesaria.<\/li><li>Cada estudiante trabaja desde su celular, organiz\u00e1ndose en el horario que le quede m\u00e1s c\u00f3modo para no interferir con sus clases habituales en la escuela.<\/li><li>Posee 2 encuentros sincr\u00f3nicos (de 40 minutos cada uno), 1 encuentro de consulta (de 80 min) y desaf\u00edos para realizar en horarios libres.<\/li><li>Se proporciona todo el material necesario (videos explicativos y gu\u00edas paso a paso en formato pdf) para el desarrollo del taller.<\/li><li>Los encuentros y el env\u00edo o descarga de los materiales se realizar\u00e1n de forma tal de evitar o minimizar el consumo de datos.<\/li><li>Es personalizado, ya que asisten 15 estudiantes por taller, como m\u00e1ximo, divididos en 3 grupos. Cada grupo tiene un tutor a cargo.<\/li><li>La duraci\u00f3n es de 1 (una) semana. Durante esa semana el estudiante debe dedicar 8 horas en total: para participar de 3 encuentros sincr\u00f3nicos de 40 minutos y realizar los desaf\u00edos luego de cada encuentro.<\/li><li>Los requisitos t\u00e9cnicos necesarios son: tener conectividad a Internet, un celular con Sistema Operativo Android y contar con espacio en el celular para instalar apps.<\/li><li>El taller se replicar\u00e1 una vez por semana, entre julio y diciembre, de acuerdo a la demanda.<\/li><\/ul>\n\n\n\n<p><strong>Requisitos de tiempo necesarios:<\/strong><\/p>\n\n\n\n<ul class=\"wp-block-list\"><li>El taller dura 1 (una) semana.<\/li><li>Durante esa semana se debes tener disponible un total de 8 horas para: participar de 2 encuentros sincr\u00f3nicos (de 40 min), un encuentro de consulta (de 80 min) y realizar los desaf\u00edos luego de cada encuentro.<\/li><\/ul>\n\n\n\n<p><strong>Formulario de inscripci\u00f3n:<\/strong><\/p>\n\n\n\n<p>Las inscripciones est\u00e1n abiertas de forma permanente entre el 28 de junio y el 12 de octubre de 2021. Una vez realizada la inscripci\u00f3n, los estudiantes ser\u00e1n contactados por tel\u00e9fono y correo electr\u00f3nico para indicarles el d\u00eda y hora de inicio del taller seg\u00fan la disponibilidad informada en la inscripci\u00f3n.<\/p>\n\n\n\n<p><strong>Materiales del taller:<\/strong><\/p>\n\n\n\n<div class=\"wp-block-buttons aligncenter is-layout-flex wp-block-buttons-is-layout-flex\">\n<div class=\"wp-block-button is-style-fill\"><a class=\"wp-block-button__link\" href=\"http:\/\/bit.ly\/sketchware_apk\" target=\"_blank\" rel=\"noreferrer noopener\">Descargar aplicaci\u00f3n Sketchware. [apk]<\/a><\/div>\n<\/div>\n\n\n\n<hr class=\"wp-block-separator\"\/>\n\n\n\n<p><strong>Proyecto 0<\/strong><\/p>\n\n\n\n<div class=\"wp-block-file\"><a href=\"https:\/\/www.evelia.unrc.edu.ar\/ensenaryAprenderEnLaVirtualidad\/wp-content\/uploads\/2021\/07\/Proyecto-0.pdf\">Proyecto 0<\/a><a href=\"https:\/\/www.evelia.unrc.edu.ar\/ensenaryAprenderEnLaVirtualidad\/wp-content\/uploads\/2021\/07\/Proyecto-0.pdf\" class=\"wp-block-file__button\" download>Descarga<\/a><\/div>\n\n\n\n<div class=\"wp-block-file\"><a href=\"https:\/\/www.evelia.unrc.edu.ar\/ensenaryAprenderEnLaVirtualidad\/wp-content\/uploads\/2021\/07\/Proyecto_0_PrimerPaso.mp4\">Primer paso. [mp4]<\/a><a href=\"https:\/\/www.evelia.unrc.edu.ar\/ensenaryAprenderEnLaVirtualidad\/wp-content\/uploads\/2021\/07\/Proyecto_0_PrimerPaso.mp4\" class=\"wp-block-file__button\" download>Descarga<\/a><\/div>\n\n\n\n<div class=\"wp-block-file\"><a href=\"https:\/\/www.evelia.unrc.edu.ar\/ensenaryAprenderEnLaVirtualidad\/wp-content\/uploads\/2021\/07\/Proyecto_0-_Segundo_paso_Diseno_Tarea1_y_Tarea_2.mp4\">Segundo paso: Tarea1 y Tarea 2 &#8211; Dise\u00f1o. [mp4]<\/a><a href=\"https:\/\/www.evelia.unrc.edu.ar\/ensenaryAprenderEnLaVirtualidad\/wp-content\/uploads\/2021\/07\/Proyecto_0-_Segundo_paso_Diseno_Tarea1_y_Tarea_2.mp4\" class=\"wp-block-file__button\" download>Descarga<\/a><\/div>\n\n\n\n<div class=\"wp-block-file\"><a href=\"https:\/\/www.evelia.unrc.edu.ar\/ensenaryAprenderEnLaVirtualidad\/wp-content\/uploads\/2021\/07\/Proyecto-_0_Segundo_Paso_Tarea5_Instalar-App.mp4\">Segundo paso: Tarea5 &#8211; Instalar App. [mp4]<\/a><a href=\"https:\/\/www.evelia.unrc.edu.ar\/ensenaryAprenderEnLaVirtualidad\/wp-content\/uploads\/2021\/07\/Proyecto-_0_Segundo_Paso_Tarea5_Instalar-App.mp4\" class=\"wp-block-file__button\" download>Descarga<\/a><\/div>\n\n\n\n<div class=\"wp-block-file\"><a href=\"https:\/\/www.evelia.unrc.edu.ar\/ensenaryAprenderEnLaVirtualidad\/wp-content\/uploads\/2021\/07\/Proyecto_0_Tercer_paso_Programacion.mp4\">Tercer paso: Programacion. [mp4]<\/a><a href=\"https:\/\/www.evelia.unrc.edu.ar\/ensenaryAprenderEnLaVirtualidad\/wp-content\/uploads\/2021\/07\/Proyecto_0_Tercer_paso_Programacion.mp4\" class=\"wp-block-file__button\" download>Descarga<\/a><\/div>\n\n\n\n<hr class=\"wp-block-separator\"\/>\n\n\n\n<p><strong>Proyecto 1<\/strong><\/p>\n\n\n\n<div class=\"wp-block-file\"><a href=\"https:\/\/www.evelia.unrc.edu.ar\/ensenaryAprenderEnLaVirtualidad\/wp-content\/uploads\/2021\/07\/Proyecto-1.pdf\">Proyecto 1<\/a><a href=\"https:\/\/www.evelia.unrc.edu.ar\/ensenaryAprenderEnLaVirtualidad\/wp-content\/uploads\/2021\/07\/Proyecto-1.pdf\" class=\"wp-block-file__button\" download>Descarga<\/a><\/div>\n\n\n\n<div class=\"wp-block-file\"><a href=\"https:\/\/www.evelia.unrc.edu.ar\/ensenaryAprenderEnLaVirtualidad\/wp-content\/uploads\/2021\/07\/Proyecto_1_Botones_de_verdad.mp4\">Botones de verdad. Paso 1,2 y 3. [mp4]<\/a><a href=\"https:\/\/www.evelia.unrc.edu.ar\/ensenaryAprenderEnLaVirtualidad\/wp-content\/uploads\/2021\/07\/Proyecto_1_Botones_de_verdad.mp4\" class=\"wp-block-file__button\" download>Descarga<\/a><\/div>\n\n\n\n<div class=\"wp-block-file\"><a href=\"https:\/\/www.evelia.unrc.edu.ar\/ensenaryAprenderEnLaVirtualidad\/wp-content\/uploads\/2021\/07\/Proyecto_1_Sonidos_personalizados.mp4\">Sonidos personalizados. Paso 1,2 y 3. [mp4]<\/a><a href=\"https:\/\/www.evelia.unrc.edu.ar\/ensenaryAprenderEnLaVirtualidad\/wp-content\/uploads\/2021\/07\/Proyecto_1_Sonidos_personalizados.mp4\" class=\"wp-block-file__button\" download>Descarga<\/a><\/div>\n\n\n\n<div class=\"wp-block-file\"><a href=\"https:\/\/www.evelia.unrc.edu.ar\/ensenaryAprenderEnLaVirtualidad\/wp-content\/uploads\/2021\/07\/Proyecto_1_Personalizacion.mp4\">Material adicional &#8211; Personalizaci\u00f3n. [mp4]<\/a><a href=\"https:\/\/www.evelia.unrc.edu.ar\/ensenaryAprenderEnLaVirtualidad\/wp-content\/uploads\/2021\/07\/Proyecto_1_Personalizacion.mp4\" class=\"wp-block-file__button\" download>Descarga<\/a><\/div>\n\n\n\n<hr class=\"wp-block-separator\"\/>\n\n\n\n<p><strong>Proyecto 2<\/strong><\/p>\n\n\n\n<div class=\"wp-block-file\"><a href=\"https:\/\/www.evelia.unrc.edu.ar\/ensenaryAprenderEnLaVirtualidad\/wp-content\/uploads\/2021\/07\/Proyecto-2.pdf\">Proyecto 2<\/a><a href=\"https:\/\/www.evelia.unrc.edu.ar\/ensenaryAprenderEnLaVirtualidad\/wp-content\/uploads\/2021\/07\/Proyecto-2.pdf\" class=\"wp-block-file__button\" download>Descarga<\/a><\/div>\n\n\n\n<div class=\"wp-block-file\"><a href=\"https:\/\/www.evelia.unrc.edu.ar\/ensenaryAprenderEnLaVirtualidad\/wp-content\/uploads\/2021\/07\/Proyecto_2_BotonInicio_ComponenteTimer.mp4\">Boton de Inicio. [mp4]<\/a><a href=\"https:\/\/www.evelia.unrc.edu.ar\/ensenaryAprenderEnLaVirtualidad\/wp-content\/uploads\/2021\/07\/Proyecto_2_BotonInicio_ComponenteTimer.mp4\" class=\"wp-block-file__button\" download>Descarga<\/a><\/div>\n\n\n\n<div class=\"wp-block-file\"><a href=\"https:\/\/www.evelia.unrc.edu.ar\/ensenaryAprenderEnLaVirtualidad\/wp-content\/uploads\/2021\/07\/Alternativa_Condicional.mp4\">Alternativa Condicional. [mp4]<\/a><a href=\"https:\/\/www.evelia.unrc.edu.ar\/ensenaryAprenderEnLaVirtualidad\/wp-content\/uploads\/2021\/07\/Alternativa_Condicional.mp4\" class=\"wp-block-file__button\" download>Descarga<\/a><\/div>\n\n\n\n<hr class=\"wp-block-separator\"\/>\n\n\n\n<figure class=\"wp-block-image size-large\"><img loading=\"lazy\" decoding=\"async\" width=\"940\" height=\"788\" src=\"https:\/\/www.evelia.unrc.edu.ar\/ensenaryAprenderEnLaVirtualidad\/wp-content\/uploads\/2021\/09\/tallerProgramacionAppsConCelular.jpeg\" alt=\"\" class=\"wp-image-1106\" srcset=\"https:\/\/www.evelia.unrc.edu.ar\/ensenaryAprenderEnLaVirtualidad\/wp-content\/uploads\/2021\/09\/tallerProgramacionAppsConCelular.jpeg 940w, https:\/\/www.evelia.unrc.edu.ar\/ensenaryAprenderEnLaVirtualidad\/wp-content\/uploads\/2021\/09\/tallerProgramacionAppsConCelular-300x251.jpeg 300w, https:\/\/www.evelia.unrc.edu.ar\/ensenaryAprenderEnLaVirtualidad\/wp-content\/uploads\/2021\/09\/tallerProgramacionAppsConCelular-768x644.jpeg 768w, https:\/\/www.evelia.unrc.edu.ar\/ensenaryAprenderEnLaVirtualidad\/wp-content\/uploads\/2021\/09\/tallerProgramacionAppsConCelular-600x503.jpeg 600w\" sizes=\"auto, (max-width: 940px) 100vw, 940px\" \/><\/figure>\n\n\n\n<p><strong>Equipo de trabajo<\/strong><\/p>\n\n\n\n<p>Coordinaci\u00f3n<br>Ariel Ferreira Szpiniak &#8211; Facultad de Ciencias Exactas, F\u00edsico-Qu\u00edmicas y Naturales (Departamento de Computaci\u00f3n)<br>Ivana Cruz &#8211; Facultad de Ingenier\u00eda (Departamento de Telecomunicaciones)<br>Pablo Etcheverry &#8211; Secretar\u00eda de Extensi\u00f3n y Desarrollo de la UNRC (Centro IRC)<\/p>\n\n\n\n<p>Talleristas<br>Carolina Borbolla &#8211; Estudiante de Profesorado en Ciencias de la Computaci\u00f3n<br>Lucrecia Mascanfroni &#8211; Estudiante de Analista en Computaci\u00f3n<br>Luc\u00eda Antu\u00f1a &#8211; Estudiante de Ingenier\u00eda en Telecomunicaciones<\/p>\n","protected":false},"excerpt":{"rendered":"<p>Taller de programaci\u00f3n de apps con tu celular Capacitaci\u00f3n virtual y gratuita, para estudiantes de escuelas secundarias. No requiere conocimeintos previos. El taller tiene como objetivo descubrir vocaciones cient\u00edficas e incentivar a los estudiantes secundarios para continuar sus estudios en carreras relacionadas con las Tecnolog\u00edas de la Informaci\u00f3n y la Comunicaci\u00f3n (TIC). Se desarrolla en&#8230; <a class=\"more-link\" href=\"https:\/\/www.evelia.unrc.edu.ar\/ensenaryAprenderEnLaVirtualidad\/taller-sketchware\/#more-907\">Leer m\u00e1s &rarr;<\/a><\/p>\n","protected":false},"author":2,"featured_media":0,"parent":0,"menu_order":0,"comment_status":"closed","ping_status":"closed","template":"","meta":{"footnotes":""},"class_list":["post-907","page","type-page","status-publish","hentry","clear"],"_links":{"self":[{"href":"https:\/\/www.evelia.unrc.edu.ar\/ensenaryAprenderEnLaVirtualidad\/wp-json\/wp\/v2\/pages\/907","targetHints":{"allow":["GET"]}}],"collection":[{"href":"https:\/\/www.evelia.unrc.edu.ar\/ensenaryAprenderEnLaVirtualidad\/wp-json\/wp\/v2\/pages"}],"about":[{"href":"https:\/\/www.evelia.unrc.edu.ar\/ensenaryAprenderEnLaVirtualidad\/wp-json\/wp\/v2\/types\/page"}],"author":[{"embeddable":true,"href":"https:\/\/www.evelia.unrc.edu.ar\/ensenaryAprenderEnLaVirtualidad\/wp-json\/wp\/v2\/users\/2"}],"replies":[{"embeddable":true,"href":"https:\/\/www.evelia.unrc.edu.ar\/ensenaryAprenderEnLaVirtualidad\/wp-json\/wp\/v2\/comments?post=907"}],"version-history":[{"count":32,"href":"https:\/\/www.evelia.unrc.edu.ar\/ensenaryAprenderEnLaVirtualidad\/wp-json\/wp\/v2\/pages\/907\/revisions"}],"predecessor-version":[{"id":1405,"href":"https:\/\/www.evelia.unrc.edu.ar\/ensenaryAprenderEnLaVirtualidad\/wp-json\/wp\/v2\/pages\/907\/revisions\/1405"}],"wp:attachment":[{"href":"https:\/\/www.evelia.unrc.edu.ar\/ensenaryAprenderEnLaVirtualidad\/wp-json\/wp\/v2\/media?parent=907"}],"curies":[{"name":"wp","href":"https:\/\/api.w.org\/{rel}","templated":true}]}}