{"id":867,"date":"2021-05-28T17:46:46","date_gmt":"2021-05-28T17:46:46","guid":{"rendered":"https:\/\/www.evelia.unrc.edu.ar\/ensenaryAprenderEnLaVirtualidad\/?page_id=867"},"modified":"2021-06-01T12:22:12","modified_gmt":"2021-06-01T12:22:12","slug":"articulacion-y-acompanamiento-a-referentes-tecnicos-y-pedagogicos-de-las-facultades-en-procesos-de-virtualidad","status":"publish","type":"page","link":"https:\/\/www.evelia.unrc.edu.ar\/ensenaryAprenderEnLaVirtualidad\/articulacion-y-acompanamiento-a-referentes-tecnicos-y-pedagogicos-de-las-facultades-en-procesos-de-virtualidad\/","title":{"rendered":"Articulaci\u00f3n y Acompa\u00f1amiento a referentes T\u00e9cnicos y Pedag\u00f3gicos de las Facultades en procesos de virtualidad"},"content":{"rendered":"\n<figure class=\"wp-block-image size-large\"><img loading=\"lazy\" decoding=\"async\" width=\"1024\" height=\"373\" src=\"https:\/\/www.evelia.unrc.edu.ar\/ensenaryAprenderEnLaVirtualidad\/wp-content\/uploads\/2021\/05\/articulacionfacultades-1024x373.jpg\" alt=\"\" class=\"wp-image-868\" srcset=\"https:\/\/www.evelia.unrc.edu.ar\/ensenaryAprenderEnLaVirtualidad\/wp-content\/uploads\/2021\/05\/articulacionfacultades-1024x373.jpg 1024w, https:\/\/www.evelia.unrc.edu.ar\/ensenaryAprenderEnLaVirtualidad\/wp-content\/uploads\/2021\/05\/articulacionfacultades-300x109.jpg 300w, https:\/\/www.evelia.unrc.edu.ar\/ensenaryAprenderEnLaVirtualidad\/wp-content\/uploads\/2021\/05\/articulacionfacultades-768x280.jpg 768w, https:\/\/www.evelia.unrc.edu.ar\/ensenaryAprenderEnLaVirtualidad\/wp-content\/uploads\/2021\/05\/articulacionfacultades-1536x560.jpg 1536w, https:\/\/www.evelia.unrc.edu.ar\/ensenaryAprenderEnLaVirtualidad\/wp-content\/uploads\/2021\/05\/articulacionfacultades-1400x510.jpg 1400w, https:\/\/www.evelia.unrc.edu.ar\/ensenaryAprenderEnLaVirtualidad\/wp-content\/uploads\/2021\/05\/articulacionfacultades-600x219.jpg 600w, https:\/\/www.evelia.unrc.edu.ar\/ensenaryAprenderEnLaVirtualidad\/wp-content\/uploads\/2021\/05\/articulacionfacultades.jpg 1920w\" sizes=\"auto, (max-width: 1024px) 100vw, 1024px\" \/><figcaption>Articulaci\u00f3n y Acompa\u00f1amiento a referentes T\u00e9cnicos y Pedag\u00f3gicos de las Facultades en procesos de virtualidad<\/figcaption><\/figure>\n\n\n\n<p><\/p>\n\n\n\n<p><em>En el marco de \u201cPlataformas Tecnol\u00f3gicas en el contexto de virtualidad plena y presencialidad con virtualidad\u201d<\/em><\/p>\n\n\n\n<p>El Centro IRC (Secretar\u00eda de Extensi\u00f3n, centro donde se desarrolla y gestiona el entorno virtual de la Universidad, EVELIA) propuso en Febrero del corriente a\u00f1o la conformaci\u00f3n de un grupo de trabajo constituido por integrantes del Centro representando el \u00e1rea central, y representantes de cada facultad.<\/p>\n\n\n\n<p>El objetivo de este proyecto es desarrollar acciones que permitan consolidar una organizaci\u00f3n institucional sobre la ense\u00f1anza en la virtualidad, generando v\u00ednculos m\u00e1s cercanos y s\u00f3lidos para que, tanto docentes como estudiantes de cada facultad puedan utilizar de manera \u00f3ptima los servicios y recursos que la Universidad dispone para acompa\u00f1ar los procesos de ense\u00f1anza en la virtualidad, promoviendo la utilizaci\u00f3n de aulas virtuales para avanzar en el desarrollo parcial de las asignaturas en una modalidad no presencial o complementaria.<\/p>\n\n\n\n<p>Las acciones para la articulaci\u00f3n y acompa\u00f1amiento se proponen a corto, mediano y largo plazo, pensando en enriquecer la presencialidad, complementando con estrategias y herramientas de la virtualidad, ampliando de esta forma las potencialidades de las propuestas educativas.<\/p>\n\n\n\n<p>Las autoridades de las facultades de la UNRC designaron a sus referentes. Actualmente el grupo de trabajo se encuentra conformado por las siguientes personas:<\/p>\n\n\n\n<ul class=\"wp-block-list\"><li>Mariana Arburua (Ciencias Econ\u00f3micas)<\/li><li>Guillermo Balboa (Agronom\u00eda y Veterinaria)<\/li><li>Lenadro Giorgetti (Ingenier\u00eda)<\/li><li>Marcela Montero (Ciencias Humanas)<\/li><li>Viviana Beoletto y Mar\u00eda de las Mercedes Oliva (Ciencias Exactas, F\u00edsico-Qu\u00edmicas y Naturales)<\/li><li>Nahuel Pereyra (Centro IRC)<\/li><li>Juli\u00e1n Conde (Centro IRC)<\/li><\/ul>\n\n\n\n<p><\/p>\n","protected":false},"excerpt":{"rendered":"<p>En el marco de \u201cPlataformas Tecnol\u00f3gicas en el contexto de virtualidad plena y presencialidad con virtualidad\u201d El Centro IRC (Secretar\u00eda de Extensi\u00f3n, centro donde se desarrolla y gestiona el entorno virtual de la Universidad, EVELIA) propuso en Febrero del corriente a\u00f1o la conformaci\u00f3n de un grupo de trabajo constituido por integrantes del Centro representando el&#8230; <a class=\"more-link\" href=\"https:\/\/www.evelia.unrc.edu.ar\/ensenaryAprenderEnLaVirtualidad\/articulacion-y-acompanamiento-a-referentes-tecnicos-y-pedagogicos-de-las-facultades-en-procesos-de-virtualidad\/#more-867\">Leer m\u00e1s &rarr;<\/a><\/p>\n","protected":false},"author":1,"featured_media":0,"parent":0,"menu_order":0,"comment_status":"closed","ping_status":"closed","template":"","meta":{"footnotes":""},"class_list":["post-867","page","type-page","status-publish","hentry","clear"],"_links":{"self":[{"href":"https:\/\/www.evelia.unrc.edu.ar\/ensenaryAprenderEnLaVirtualidad\/wp-json\/wp\/v2\/pages\/867","targetHints":{"allow":["GET"]}}],"collection":[{"href":"https:\/\/www.evelia.unrc.edu.ar\/ensenaryAprenderEnLaVirtualidad\/wp-json\/wp\/v2\/pages"}],"about":[{"href":"https:\/\/www.evelia.unrc.edu.ar\/ensenaryAprenderEnLaVirtualidad\/wp-json\/wp\/v2\/types\/page"}],"author":[{"embeddable":true,"href":"https:\/\/www.evelia.unrc.edu.ar\/ensenaryAprenderEnLaVirtualidad\/wp-json\/wp\/v2\/users\/1"}],"replies":[{"embeddable":true,"href":"https:\/\/www.evelia.unrc.edu.ar\/ensenaryAprenderEnLaVirtualidad\/wp-json\/wp\/v2\/comments?post=867"}],"version-history":[{"count":3,"href":"https:\/\/www.evelia.unrc.edu.ar\/ensenaryAprenderEnLaVirtualidad\/wp-json\/wp\/v2\/pages\/867\/revisions"}],"predecessor-version":[{"id":879,"href":"https:\/\/www.evelia.unrc.edu.ar\/ensenaryAprenderEnLaVirtualidad\/wp-json\/wp\/v2\/pages\/867\/revisions\/879"}],"wp:attachment":[{"href":"https:\/\/www.evelia.unrc.edu.ar\/ensenaryAprenderEnLaVirtualidad\/wp-json\/wp\/v2\/media?parent=867"}],"curies":[{"name":"wp","href":"https:\/\/api.w.org\/{rel}","templated":true}]}}

Articulación y Acompañamiento a referentes Técnicos y Pedagógicos de las Facultades en procesos de virtualidad

<figure class="wp-block-image size-large"><img loading="lazy" decoding="async" width="1024" height="373" src="https://www.evelia.unrc.edu.ar/ensenaryAprenderEnLaVirtualidad/wp-content/uploads/2021/05/articulacionfacultades-1024x373.jpg" alt="" class="wp-image-868" srcset="https://www.evelia.unrc.edu.ar/ensenaryAprenderEnLaVirtualidad/wp-content/uploads/2021/05/articulacionfacultades-1024x373.jpg 1024w, https://www.evelia.unrc.edu.ar/ensenaryAprenderEnLaVirtualidad/wp-content/uploads/2021/05/articulacionfacultades-300x109.jpg 300w, https://www.evelia.unrc.edu.ar/ensenaryAprenderEnLaVirtualidad/wp-content/uploads/2021/05/articulacionfacultades-768x280.jpg 768w, https://www.evelia.unrc.edu.ar/ensenaryAprenderEnLaVirtualidad/wp-content/uploads/2021/05/articulacionfacultades-1536x560.jpg 1536w, https://www.evelia.unrc.edu.ar/ensenaryAprenderEnLaVirtualidad/wp-content/uploads/2021/05/articulacionfacultades-1400x510.jpg 1400w, https://www.evelia.unrc.edu.ar/ensenaryAprenderEnLaVirtualidad/wp-content/uploads/2021/05/articulacionfacultades-600x219.jpg 600w, https://www.evelia.unrc.edu.ar/ensenaryAprenderEnLaVirtualidad/wp-content/uploads/2021/05/articulacionfacultades.jpg 1920w" sizes="auto, (max-width: 1024px) 100vw, 1024px" /><figcaption>Articulación y Acompañamiento a referentes Técnicos y Pedagógicos de las Facultades en procesos de virtualidad</figcaption></figure>



<p></p>



<p><em>En el marco de “Plataformas Tecnológicas en el contexto de virtualidad plena y presencialidad con virtualidad”</em></p>



<p>El Centro IRC (Secretaría de Extensión, centro donde se desarrolla y gestiona el entorno virtual de la Universidad, EVELIA) propuso en Febrero del corriente año la conformación de un grupo de trabajo constituido por integrantes del Centro representando el área central, y representantes de cada facultad.</p>



<p>El objetivo de este proyecto es desarrollar acciones que permitan consolidar una organización institucional sobre la enseñanza en la virtualidad, generando vínculos más cercanos y sólidos para que, tanto docentes como estudiantes de cada facultad puedan utilizar de manera óptima los servicios y recursos que la Universidad dispone para acompañar los procesos de enseñanza en la virtualidad, promoviendo la utilización de aulas virtuales para avanzar en el desarrollo parcial de las asignaturas en una modalidad no presencial o complementaria.</p>



<p>Las acciones para la articulación y acompañamiento se proponen a corto, mediano y largo plazo, pensando en enriquecer la presencialidad, complementando con estrategias y herramientas de la virtualidad, ampliando de esta forma las potencialidades de las propuestas educativas.</p>



<p>Las autoridades de las facultades de la UNRC designaron a sus referentes. Actualmente el grupo de trabajo se encuentra conformado por las siguientes personas:</p>



<ul class="wp-block-list"><li>Mariana Arburua (Ciencias Económicas)</li><li>Guillermo Balboa (Agronomía y Veterinaria)</li><li>Lenadro Giorgetti (Ingeniería)</li><li>Marcela Montero (Ciencias Humanas)</li><li>Viviana Beoletto y María de las Mercedes Oliva (Ciencias Exactas, Físico-Químicas y Naturales)</li><li>Nahuel Pereyra (Centro IRC)</li><li>Julián Conde (Centro IRC)</li></ul>



<p></p>

<p>En el marco de “Plataformas Tecnológicas en el contexto de virtualidad plena y presencialidad con virtualidad” El Centro IRC (Secretaría de Extensión, centro donde se desarrolla y gestiona el entorno virtual de la Universidad, EVELIA) propuso en Febrero del corriente año la conformación de un grupo de trabajo constituido por integrantes del Centro representando el&#8230; <a class="more-link" href="https://www.evelia.unrc.edu.ar/ensenaryAprenderEnLaVirtualidad/articulacion-y-acompanamiento-a-referentes-tecnicos-y-pedagogicos-de-las-facultades-en-procesos-de-virtualidad/#more-867">Leer más &rarr;</a></p>
