{"id":1453,"date":"2022-04-22T15:38:57","date_gmt":"2022-04-22T15:38:57","guid":{"rendered":"https:\/\/www.evelia.unrc.edu.ar\/ensenaryAprenderEnLaVirtualidad\/?page_id=1453"},"modified":"2022-05-09T14:43:14","modified_gmt":"2022-05-09T14:43:14","slug":"potencialidades-de-la-virtualidad-en-el-contexto-actual-de-presencialidad","status":"publish","type":"page","link":"https:\/\/www.evelia.unrc.edu.ar\/ensenaryAprenderEnLaVirtualidad\/potencialidades-de-la-virtualidad-en-el-contexto-actual-de-presencialidad\/","title":{"rendered":"Potencialidades de la virtualidad en el contexto actual de presencialidad"},"content":{"rendered":"\n<figure class=\"wp-block-image size-large\"><img loading=\"lazy\" decoding=\"async\" width=\"1024\" height=\"373\" src=\"https:\/\/www.evelia.unrc.edu.ar\/ensenaryAprenderEnLaVirtualidad\/wp-content\/uploads\/2022\/04\/Potencialidades-de-la-virtualidad-en-el-contexto-actual-de-presencialidad-1024x373.jpg\" alt=\"\" class=\"wp-image-1454\" srcset=\"https:\/\/www.evelia.unrc.edu.ar\/ensenaryAprenderEnLaVirtualidad\/wp-content\/uploads\/2022\/04\/Potencialidades-de-la-virtualidad-en-el-contexto-actual-de-presencialidad-1024x373.jpg 1024w, https:\/\/www.evelia.unrc.edu.ar\/ensenaryAprenderEnLaVirtualidad\/wp-content\/uploads\/2022\/04\/Potencialidades-de-la-virtualidad-en-el-contexto-actual-de-presencialidad-300x109.jpg 300w, https:\/\/www.evelia.unrc.edu.ar\/ensenaryAprenderEnLaVirtualidad\/wp-content\/uploads\/2022\/04\/Potencialidades-de-la-virtualidad-en-el-contexto-actual-de-presencialidad-768x280.jpg 768w, https:\/\/www.evelia.unrc.edu.ar\/ensenaryAprenderEnLaVirtualidad\/wp-content\/uploads\/2022\/04\/Potencialidades-de-la-virtualidad-en-el-contexto-actual-de-presencialidad-1536x560.jpg 1536w, https:\/\/www.evelia.unrc.edu.ar\/ensenaryAprenderEnLaVirtualidad\/wp-content\/uploads\/2022\/04\/Potencialidades-de-la-virtualidad-en-el-contexto-actual-de-presencialidad-1400x510.jpg 1400w, https:\/\/www.evelia.unrc.edu.ar\/ensenaryAprenderEnLaVirtualidad\/wp-content\/uploads\/2022\/04\/Potencialidades-de-la-virtualidad-en-el-contexto-actual-de-presencialidad-600x219.jpg 600w, https:\/\/www.evelia.unrc.edu.ar\/ensenaryAprenderEnLaVirtualidad\/wp-content\/uploads\/2022\/04\/Potencialidades-de-la-virtualidad-en-el-contexto-actual-de-presencialidad.jpg 1920w\" sizes=\"auto, (max-width: 1024px) 100vw, 1024px\" \/><figcaption>Descripci\u00f3n accesible: La imagen ense\u00f1a dibujos de personas interactuando entre ellas y dispositivos tecnol\u00f3gicos. El texto dice: Potencialidades de la virtualidad en el contexto actual de Presencialidad, los temas a abordar son: 1.Virtualidad en la UNRC, 2.  Aulas virtuales EVELiA, 3. Diplomatura Ense\u00f1ar y aprender en entornos virtuales y 4. Aulas h\u00edbridas. Adem\u00e1s se presentan el logo del cincuentenario y de la Universidad Nacional de R\u00edo Cuarto.<\/figcaption><\/figure>\n\n\n\n<hr class=\"wp-block-separator is-style-default\"\/>\n\n\n\n<div style=\"height:74px\" aria-hidden=\"true\" class=\"wp-block-spacer\"><\/div>\n\n\n\n<figure class=\"wp-block-embed-youtube wp-block-embed is-type-video is-provider-youtube wp-embed-aspect-16-9 wp-has-aspect-ratio\"><div class=\"wp-block-embed__wrapper\">\n<iframe loading=\"lazy\" title=\"Charla Potencialidades de la virtualidad en el contexto actual de presencialidad\" width=\"736\" height=\"414\" src=\"https:\/\/www.youtube.com\/embed\/sfyWTzpMn8U?feature=oembed\" frameborder=\"0\" allow=\"accelerometer; autoplay; clipboard-write; encrypted-media; gyroscope; picture-in-picture\" allowfullscreen><\/iframe>\n<\/div><figcaption><strong>Descripci\u00f3n accesible:<\/strong> Video completo de la charla Potencialidades de la virtualidad en presencialidad. Organizada por la Secretar\u00eda Acad\u00e9mica y la Secretar\u00eda de Planeamiento y Relaciones Institucionales<strong> Duraci\u00f3n:<\/strong> una hora dieciocho minutos (01:18:00 hs) <strong>Fuente video: <\/strong>Unirio TV &#8211; Centro IRC<\/figcaption><\/figure>\n\n\n\n<h3 class=\"wp-block-heading\">Objetivos:<\/h3>\n\n\n\n<ul class=\"wp-block-list\"><li>Sensibilizar a la comunidad docente de la UNRC sobre las ventajas de incorporar en las instancias presenciales recursos tecnol\u00f3gicos y estrategias virtuales utilizadas durante la pandemia.<br><\/li><li>Dar a conocer las normativas, recursos tecnol\u00f3gicos e instancias de formaci\u00f3n que posee la Universidad y se encuentran a disposici\u00f3n para los equipos docentes, con la intenci\u00f3n de mejorar la calidad de los procesos de ense\u00f1anza y aprendizaje presenciales.<\/li><\/ul>\n\n\n\n<hr class=\"wp-block-separator is-style-default\"\/>\n\n\n\n<h3 class=\"wp-block-heading\">Temas a abordar:<\/h3>\n\n\n\n<figure class=\"wp-block-pullquote has-background is-style-solid-color\" style=\"background-color:#cf2e2e\"><blockquote class=\"has-text-color has-white-color\"><p><strong>1.<\/strong> Periodo Acad\u00e9mico 2022: <br>Regreso a la presencialidad, transici\u00f3n<br> y excepcionalidad<\/p><\/blockquote><\/figure>\n\n\n\n<hr class=\"wp-block-separator is-style-dots\"\/>\n\n\n\n<figure class=\"wp-block-pullquote has-background is-style-solid-color\" style=\"background-color:#8ed1fc\"><blockquote class=\"has-text-color\" style=\"color:#023a5a\"><p>2. El Campus Virtual EVELiA: caracter\u00edsticas disponibles para desarrollar estrategias virtuales en contextos presenciales.<\/p><cite><a href=\"https:\/\/www.evelia.unrc.edu.ar\/evelia\/\" target=\"_blank\" rel=\"noreferrer noopener\">https:\/\/www.evelia.unrc.edu.ar\/evelia\/<\/a><\/cite><\/blockquote><\/figure>\n\n\n\n<p>Consultas: <a href=\"mailto:centroirc@ac.unrc.edu.ar\" target=\"_blank\" rel=\"noreferrer noopener\">centroirc@ac.unrc.edu.ar<\/a><\/p>\n\n\n\n<hr class=\"wp-block-separator is-style-dots\"\/>\n\n\n\n<figure class=\"wp-block-pullquote has-background is-style-solid-color\" style=\"background-color:#f9d677\"><blockquote class=\"has-text-color has-black-color\"><p>3. Diplomatura sobre ense\u00f1ar y aprender en la virtualidad y cursos sobre aula extendida para la presencialidad<\/p><cite>Info: <a rel=\"noreferrer noopener\" href=\"https:\/\/www.hum.unrc.edu.ar\/diplomatura-superior-eya-mb\/\" target=\"_blank\">https:\/\/www.hum.unrc.edu.ar\/diplomatura-superior-eya-mb\/<\/a><br>Inscripciones (hasta el 29 de abril): <a rel=\"noreferrer noopener\" href=\"https:\/\/forms.gle\/ZKaAijU6FEZbAMxg6\" target=\"_blank\">https:\/\/forms.gle\/ZKaAijU6FEZbAMxg6<\/a><\/cite><\/blockquote><\/figure>\n\n\n\n<figure class=\"wp-block-image size-large\"><img loading=\"lazy\" decoding=\"async\" width=\"999\" height=\"1024\" src=\"https:\/\/www.evelia.unrc.edu.ar\/ensenaryAprenderEnLaVirtualidad\/wp-content\/uploads\/2022\/04\/unnamed-1-999x1024.png\" alt=\"\" class=\"wp-image-1455\" srcset=\"https:\/\/www.evelia.unrc.edu.ar\/ensenaryAprenderEnLaVirtualidad\/wp-content\/uploads\/2022\/04\/unnamed-1-999x1024.png 999w, https:\/\/www.evelia.unrc.edu.ar\/ensenaryAprenderEnLaVirtualidad\/wp-content\/uploads\/2022\/04\/unnamed-1-293x300.png 293w, https:\/\/www.evelia.unrc.edu.ar\/ensenaryAprenderEnLaVirtualidad\/wp-content\/uploads\/2022\/04\/unnamed-1-768x787.png 768w, https:\/\/www.evelia.unrc.edu.ar\/ensenaryAprenderEnLaVirtualidad\/wp-content\/uploads\/2022\/04\/unnamed-1-1498x1536.png 1498w, https:\/\/www.evelia.unrc.edu.ar\/ensenaryAprenderEnLaVirtualidad\/wp-content\/uploads\/2022\/04\/unnamed-1-1400x1435.png 1400w, https:\/\/www.evelia.unrc.edu.ar\/ensenaryAprenderEnLaVirtualidad\/wp-content\/uploads\/2022\/04\/unnamed-1-600x615.png 600w, https:\/\/www.evelia.unrc.edu.ar\/ensenaryAprenderEnLaVirtualidad\/wp-content\/uploads\/2022\/04\/unnamed-1.png 1741w\" sizes=\"auto, (max-width: 999px) 100vw, 999px\" \/><\/figure>\n\n\n\n<p><strong>Destinatarios: <\/strong>docentes de la UNRC<br><strong>Modalidad: <\/strong>Gratuita, no presencial, 90% asincr\u00f3nica, a trav\u00e9s de EVELiA.<br><strong>Duraci\u00f3n:<\/strong> 8 meses. 200 horas. <strong>10 cr\u00e9ditos<\/strong>. Inicia en mayo.<br><strong>Propuesta curricular:<\/strong> 6 cursos (Gesti\u00f3n de mi aula virtual \/ Estrategias de ense\u00f1anza en la virtualidad \/ Evaluaci\u00f3n de aprendizajes en la virtualidad \/ Dise\u00f1o de materiales de aprendizaje \/ Derechos de autor y licencias de uso \/ Proyecto Final Integrador)<br><br>Consultas: <a href=\"mailto:diplomaturaentornosvirtuales@hum.unrc.edu.ar\" target=\"_blank\" rel=\"noreferrer noopener\">diplomaturaentornosvirtuales@hum.unrc.edu.ar<\/a><\/p>\n\n\n\n<hr class=\"wp-block-separator is-style-dots\"\/>\n\n\n\n<figure class=\"wp-block-pullquote has-background is-style-solid-color\" style=\"background-color:#cee4db\"><blockquote class=\"has-text-color has-vivid-green-cyan-color\"><p>4. Aulas h\u00edbridas \/ Multimediales<\/p><\/blockquote><\/figure>\n\n\n\n<p><br><\/p>\n\n\n\n<p><br><\/p>\n","protected":false},"excerpt":{"rendered":"<p>Objetivos: Sensibilizar a la comunidad docente de la UNRC sobre las ventajas de incorporar en las instancias presenciales recursos tecnol\u00f3gicos y estrategias virtuales utilizadas durante la pandemia. Dar a conocer las normativas, recursos tecnol\u00f3gicos e instancias de formaci\u00f3n que posee la Universidad y se encuentran a disposici\u00f3n para los equipos docentes, con la intenci\u00f3n de&#8230; <a class=\"more-link\" href=\"https:\/\/www.evelia.unrc.edu.ar\/ensenaryAprenderEnLaVirtualidad\/potencialidades-de-la-virtualidad-en-el-contexto-actual-de-presencialidad\/#more-1453\">Leer m\u00e1s &rarr;<\/a><\/p>\n","protected":false},"author":2,"featured_media":0,"parent":0,"menu_order":0,"comment_status":"closed","ping_status":"closed","template":"","meta":{"footnotes":""},"class_list":["post-1453","page","type-page","status-publish","hentry","clear"],"_links":{"self":[{"href":"https:\/\/www.evelia.unrc.edu.ar\/ensenaryAprenderEnLaVirtualidad\/wp-json\/wp\/v2\/pages\/1453","targetHints":{"allow":["GET"]}}],"collection":[{"href":"https:\/\/www.evelia.unrc.edu.ar\/ensenaryAprenderEnLaVirtualidad\/wp-json\/wp\/v2\/pages"}],"about":[{"href":"https:\/\/www.evelia.unrc.edu.ar\/ensenaryAprenderEnLaVirtualidad\/wp-json\/wp\/v2\/types\/page"}],"author":[{"embeddable":true,"href":"https:\/\/www.evelia.unrc.edu.ar\/ensenaryAprenderEnLaVirtualidad\/wp-json\/wp\/v2\/users\/2"}],"replies":[{"embeddable":true,"href":"https:\/\/www.evelia.unrc.edu.ar\/ensenaryAprenderEnLaVirtualidad\/wp-json\/wp\/v2\/comments?post=1453"}],"version-history":[{"count":36,"href":"https:\/\/www.evelia.unrc.edu.ar\/ensenaryAprenderEnLaVirtualidad\/wp-json\/wp\/v2\/pages\/1453\/revisions"}],"predecessor-version":[{"id":1511,"href":"https:\/\/www.evelia.unrc.edu.ar\/ensenaryAprenderEnLaVirtualidad\/wp-json\/wp\/v2\/pages\/1453\/revisions\/1511"}],"wp:attachment":[{"href":"https:\/\/www.evelia.unrc.edu.ar\/ensenaryAprenderEnLaVirtualidad\/wp-json\/wp\/v2\/media?parent=1453"}],"curies":[{"name":"wp","href":"https:\/\/api.w.org\/{rel}","templated":true}]}}